{"id":29,"date":"2026-03-21T14:26:49","date_gmt":"2026-03-21T13:26:49","guid":{"rendered":"https:\/\/konkursy.eter.org.pl\/?page_id=29"},"modified":"2026-03-21T14:38:39","modified_gmt":"2026-03-21T13:38:39","slug":"platforma-konkursowa-fundacji-eter","status":"publish","type":"page","link":"https:\/\/konkursy.eter.org.pl\/","title":{"rendered":"Platforma Konkursowa Fundacji ETER"},"content":{"rendered":"<div style=\"text-align:center; padding: 30px; border: 2px dashed #2563eb; border-radius: 15px; background: #f8fafc; font-family: sans-serif;\">\n                    <h2 style=\"color: #1e40af; margin-top: 0;\">Platforma Konkursowa Fundacji ETER<\/h2>\n                    <p style=\"font-size: 1.1em; color: #475569;\">Aby wzi\u0105\u0107 udzia\u0142 w konkursie i przesy\u0142a\u0107 swoje prace, musisz by\u0107 zalogowany.<\/p>\n                    <div style=\"margin-top: 25px;\">\n                        <a href=\"https:\/\/konkursy.eter.org.pl\/?page_id=32\" style=\"background: #2563eb; color: white; padding: 15px 35px; text-decoration: none; border-radius: 8px; margin-right: 15px; font-weight: bold; display: inline-block; box-shadow: 0 4px 6px rgba(0,0,0,0.1);\">ZALOGUJ SI\u0118<\/a>\n                        <a href=\"https:\/\/konkursy.eter.org.pl\/?page_id=36\" style=\"background: #4b5563; color: white; padding: 15px 35px; text-decoration: none; border-radius: 8px; font-weight: bold; display: inline-block;\">ZAREJESTRUJ SI\u0118<\/a>\n                    <\/div>\n                <\/div>\n","protected":false},"excerpt":{"rendered":"","protected":false},"author":1,"featured_media":0,"parent":0,"menu_order":0,"comment_status":"closed","ping_status":"closed","template":"","meta":{"footnotes":""},"class_list":["post-29","page","type-page","status-publish","hentry"],"_links":{"self":[{"href":"https:\/\/konkursy.eter.org.pl\/index.php?rest_route=\/wp\/v2\/pages\/29","targetHints":{"allow":["GET"]}}],"collection":[{"href":"https:\/\/konkursy.eter.org.pl\/index.php?rest_route=\/wp\/v2\/pages"}],"about":[{"href":"https:\/\/konkursy.eter.org.pl\/index.php?rest_route=\/wp\/v2\/types\/page"}],"author":[{"embeddable":true,"href":"https:\/\/konkursy.eter.org.pl\/index.php?rest_route=\/wp\/v2\/users\/1"}],"replies":[{"embeddable":true,"href":"https:\/\/konkursy.eter.org.pl\/index.php?rest_route=%2Fwp%2Fv2%2Fcomments&post=29"}],"version-history":[{"count":2,"href":"https:\/\/konkursy.eter.org.pl\/index.php?rest_route=\/wp\/v2\/pages\/29\/revisions"}],"predecessor-version":[{"id":31,"href":"https:\/\/konkursy.eter.org.pl\/index.php?rest_route=\/wp\/v2\/pages\/29\/revisions\/31"}],"wp:attachment":[{"href":"https:\/\/konkursy.eter.org.pl\/index.php?rest_route=%2Fwp%2Fv2%2Fmedia&parent=29"}],"curies":[{"name":"wp","href":"https:\/\/api.w.org\/{rel}","templated":true}]}}