{"id":18,"date":"2026-03-20T23:52:44","date_gmt":"2026-03-20T22:52:44","guid":{"rendered":"https:\/\/konkursy.eter.org.pl\/?page_id=18"},"modified":"2026-03-21T07:12:37","modified_gmt":"2026-03-21T06:12:37","slug":"panel-konkursowy","status":"publish","type":"page","link":"https:\/\/konkursy.eter.org.pl\/?page_id=18","title":{"rendered":"Panel Konkursowy"},"content":{"rendered":"<\/p>\n<h3>Zarejestruj si\u0119, aby wys\u0142a\u0107 prace<\/h3>\n<p><form id=\"forminator-module-16\" class=\"forminator-custom-form forminator-custom-form-16\" method=\"post\" data-forminator-render=\"0\" data-uid=\"69e752eb6ae40\"><div role=\"alert\" aria-live=\"polite\" class=\"forminator-response-message forminator-error\" aria-hidden=\"true\"><\/div><\/form><br \/>\n\n\n\n\n\n<p><\/p>\n","protected":false},"excerpt":{"rendered":"","protected":false},"author":1,"featured_media":0,"parent":0,"menu_order":0,"comment_status":"closed","ping_status":"closed","template":"","meta":{"footnotes":""},"class_list":["post-18","page","type-page","status-publish","hentry"],"_links":{"self":[{"href":"https:\/\/konkursy.eter.org.pl\/index.php?rest_route=\/wp\/v2\/pages\/18","targetHints":{"allow":["GET"]}}],"collection":[{"href":"https:\/\/konkursy.eter.org.pl\/index.php?rest_route=\/wp\/v2\/pages"}],"about":[{"href":"https:\/\/konkursy.eter.org.pl\/index.php?rest_route=\/wp\/v2\/types\/page"}],"author":[{"embeddable":true,"href":"https:\/\/konkursy.eter.org.pl\/index.php?rest_route=\/wp\/v2\/users\/1"}],"replies":[{"embeddable":true,"href":"https:\/\/konkursy.eter.org.pl\/index.php?rest_route=%2Fwp%2Fv2%2Fcomments&post=18"}],"version-history":[{"count":6,"href":"https:\/\/konkursy.eter.org.pl\/index.php?rest_route=\/wp\/v2\/pages\/18\/revisions"}],"predecessor-version":[{"id":27,"href":"https:\/\/konkursy.eter.org.pl\/index.php?rest_route=\/wp\/v2\/pages\/18\/revisions\/27"}],"wp:attachment":[{"href":"https:\/\/konkursy.eter.org.pl\/index.php?rest_route=%2Fwp%2Fv2%2Fmedia&parent=18"}],"curies":[{"name":"wp","href":"https:\/\/api.w.org\/{rel}","templated":true}]}}